{"id":1598,"date":"2021-02-18T22:39:13","date_gmt":"2021-02-18T22:39:13","guid":{"rendered":"https:\/\/pem.facmed.unam.mx\/?page_id=1598"},"modified":"2021-02-18T22:42:15","modified_gmt":"2021-02-18T22:42:15","slug":"alejandro-rocha-aforo-nomada","status":"publish","type":"page","link":"https:\/\/pem.facmed.unam.mx\/index.php\/alejandro-rocha-aforo-nomada\/","title":{"rendered":"Alejandro Rocha | Aforo N\u00f3mada"},"content":{"rendered":"<p>[et_pb_section fb_built=\u00bb1&#8243; fullwidth=\u00bbon\u00bb _builder_version=\u00bb4.5.3&#8243; _module_preset=\u00bbdefault\u00bb][et_pb_fullwidth_header _builder_version=\u00bb4.5.3&#8243; _module_preset=\u00bbdefault\u00bb background_color=\u00bb#ffffff\u00bb background_image=\u00bbhttps:\/\/pem.facmed.unam.mx\/wp-content\/uploads\/2021\/02\/seccion_alejandrorocha.jpg\u00bb custom_margin=\u00bb-49px||||false|false\u00bb]<\/p>\n<h1><strong>Alejandro Rocha | Aforo N\u00f3mada<\/strong><\/h1>\n<p><strong>Instalaci\u00f3n<\/strong><\/p>\n<p>[\/et_pb_fullwidth_header][\/et_pb_section][et_pb_section fb_built=\u00bb1&#8243; _builder_version=\u00bb4.5.3&#8243; _module_preset=\u00bbdefault\u00bb][et_pb_row column_structure=\u00bb1_2,1_2&#8243; _builder_version=\u00bb4.5.3&#8243; _module_preset=\u00bbdefault\u00bb][et_pb_column type=\u00bb1_2&#8243; _builder_version=\u00bb4.5.3&#8243; _module_preset=\u00bbdefault\u00bb][et_pb_text _builder_version=\u00bb4.5.3&#8243; _module_preset=\u00bbdefault\u00bb background_color=\u00bb#ffffff\u00bb]<\/p>\n<p>La pieza de Alejandro Racha, expuesta en FILUX 2015 y posteriormente dentro del Palacio de la Escuela de Medicina, es una alegor\u00eda al movimiento migratorio mundial. Aforo N\u00f3mada pretende incentivar la formaci\u00f3n de \u201cciudadanos del mundo\u201d. La obra est\u00e1 compuesta por tres elementos: movimiento, mente y ligereza. El primer elemento es la cartograf\u00eda, que representa el movimiento humano y bajo la cual se decide ubicar la obra. El segundo y tercer elemento se encuentran presentes en el cerebro de gran escala flotante.<\/p>\n<p>Rocha busca representar ligereza de la mente, se contrapone a la pesadez del cuerpo y representa en conjunto la ant\u00edtesis de la noci\u00f3n del pa\u00eds de origen.<\/p>\n<p>[\/et_pb_text][\/et_pb_column][et_pb_column type=\u00bb1_2&#8243; _builder_version=\u00bb4.5.3&#8243; _module_preset=\u00bbdefault\u00bb][et_pb_image src=\u00bbhttps:\/\/pem.facmed.unam.mx\/wp-content\/uploads\/2021\/02\/01_alejandrarocha.jpg\u00bb title_text=\u00bb01_alejandrarocha\u00bb _builder_version=\u00bb4.5.3&#8243; _module_preset=\u00bbdefault\u00bb background_color=\u00bb#ffffff\u00bb][\/et_pb_image][\/et_pb_column][\/et_pb_row][et_pb_row _builder_version=\u00bb4.5.3&#8243; _module_preset=\u00bbdefault\u00bb][et_pb_column type=\u00bb4_4&#8243; _builder_version=\u00bb4.5.3&#8243; _module_preset=\u00bbdefault\u00bb][et_pb_gallery gallery_ids=\u00bb1604&#8243; gallery_orderby=\u00bbrand\u00bb posts_number=\u00bb1&#8243; orientation=\u00bbportrait\u00bb show_title_and_caption=\u00bboff\u00bb show_pagination=\u00bboff\u00bb zoom_icon_color=\u00bb#ffffff\u00bb hover_overlay_color=\u00bb#515191&#8243; hover_icon=\u00bb%%186%%\u00bb _builder_version=\u00bb4.5.3&#8243; _module_preset=\u00bbdefault\u00bb background_color=\u00bb#ffffff\u00bb][\/et_pb_gallery][\/et_pb_column][\/et_pb_row][\/et_pb_section]<\/p>\n","protected":false},"excerpt":{"rendered":"<p>Alejandro Rocha | Aforo N\u00f3mada Instalaci\u00f3nLa pieza de Alejandro Racha, expuesta en FILUX 2015 y posteriormente dentro del Palacio de la Escuela de Medicina, es una alegor\u00eda al movimiento migratorio [&hellip;]<\/p>\n","protected":false},"author":2,"featured_media":0,"parent":0,"menu_order":0,"comment_status":"closed","ping_status":"closed","template":"","meta":{"_et_pb_use_builder":"on","_et_pb_old_content":"","_et_gb_content_width":"","footnotes":""},"class_list":["post-1598","page","type-page","status-publish","hentry"],"_links":{"self":[{"href":"https:\/\/pem.facmed.unam.mx\/index.php\/wp-json\/wp\/v2\/pages\/1598","targetHints":{"allow":["GET"]}}],"collection":[{"href":"https:\/\/pem.facmed.unam.mx\/index.php\/wp-json\/wp\/v2\/pages"}],"about":[{"href":"https:\/\/pem.facmed.unam.mx\/index.php\/wp-json\/wp\/v2\/types\/page"}],"author":[{"embeddable":true,"href":"https:\/\/pem.facmed.unam.mx\/index.php\/wp-json\/wp\/v2\/users\/2"}],"replies":[{"embeddable":true,"href":"https:\/\/pem.facmed.unam.mx\/index.php\/wp-json\/wp\/v2\/comments?post=1598"}],"version-history":[{"count":6,"href":"https:\/\/pem.facmed.unam.mx\/index.php\/wp-json\/wp\/v2\/pages\/1598\/revisions"}],"predecessor-version":[{"id":1610,"href":"https:\/\/pem.facmed.unam.mx\/index.php\/wp-json\/wp\/v2\/pages\/1598\/revisions\/1610"}],"wp:attachment":[{"href":"https:\/\/pem.facmed.unam.mx\/index.php\/wp-json\/wp\/v2\/media?parent=1598"}],"curies":[{"name":"wp","href":"https:\/\/api.w.org\/{rel}","templated":true}]}}